 - -15090. Calculate the remainder when y is divided by 16.
14
Let n be 10/(-4) - 5/(-2). Suppose n = -81*o + 78*o + 138. What is the remainder when o is divided by 37?
9
Let s(b) = 2*b**3 + 4*b + 1. Suppose 2*q = -0*q + 5*k + 6, q + 3*k = 3. Calculate the remainder when s(q) is divided by (-15*1)/((-18)/12) - 0.
7
Suppose 65*y = 61*y - 3*k + 758, 0 = -4*k + 8. Calculate the remainder when y is divided by 80.
28
Let p(h) = -62*h - 216. Calculate the remainder when 353 is divided by p(-9).
11
Let v = -80 + 79. Let z be -2 - (2 - v - (18 + -16)). What is the remainder when (59/z)/((-15)/(-9) + -2) is divided by 12?
11
What is the remainder when 701 is divided by (-280)/25*(-21)/(-36)*-15?
15
Calculate the remainder when (-86478)/(-145) - -17 - (-6)/(-15) is divided by 131.
89
Calculate the remainder when 395 is divided by (-19370)/(-100) - 48/(-160).
7
Let c(f) = f**3 + 18*f**2 + 25*f - 26. Let s be c(-16). Let n = 119 - s. Calculate the remainder when n is divided by 17.
16
Let y = -10242 - -10261. Calculate the remainder when y is divided by -3 + 13 - (-4)/((-12)/(-9)).
6
Calculate the remainder when 107 is divided by (-24 - -12)*(-8)/((-112)/(-63)).
53
Let h(o) = -o**2 + 62*o + 900. What is the remainder when h(73) is divided by 45?
7
Let s = -5013 + 7364. What is the remainder when s is divided by 22?
19
Let n be (-19)/(-7) - (816/84 - 10). Suppose 0*z = 5*d - n*z - 796, d - 160 = z. What is the remainder when d is divided by 35?
18
Let o = 52 + -4. Suppose -5*i - i = -336. Suppose 4*z + 3*f - i = 0, 3*z + f = -0*f + 47. Calculate the remainder when o is divided by z.
14
Suppose 29443*x - 29446*x + 126 = 0. Calculate the remainder when 74 + -1*0/1 is divided by x.
32
Let z be 20/(-8)*(-8)/5. Let a(j) be the second derivative of j**4/12 + j**3 - 3*j**2 - 16*j + 2. What is the remainder when 133 is divided by a(z)?
31
Suppose 87 = 5*u - 3. Suppose -368 = -u*j - 5*j. What is the remainder when 127 is divided by j?
15
Let h(w) = -w**3 + 10*w**2 + 17*w - 5. Suppose -5*k - 672 = -9*k. Calculate the remainder when k is divided by h(-3).
46
Calculate the remainder when 670 is divided by 2/5 - 0 - 128933/(-5705).
3
Let i = -4 - -6. Let p(b) = b**2 + 37*b + 160. Let w be p(-32). Suppose w = -i*y + 55 - 11. What is the remainder when y is divided by 7?
1
Let l(t) = -4*t**2 - 14*t + 109. Let m be l(-16). Let j = m - -698. What is the remainder when 37 is divided by j?
2
Calculate the remainder when 84 is divided by ((-130)/(-91))/((-2)/(-91)).
19
Let h(x) = 2*x**2 + 3*x + 4. Suppose -a + 6 = -3*a. Let y = -537 + 597. What is the remainder when y is divided by h(a)?
8
Let g be -188*(-3)/(-2) + (-15 - -13). Let o = -160 - g. What is the remainder when o is divided by 7?
5
Suppose -6 = 5*f - 1, -r + 12 = 4*f. Let b = 341 - 307. Suppose b*k - 38*k = -252. What is the remainder when k is divided by r?
15
Suppose -233 + 1197 = 356*p - 13632. Calculate the remainder when 804 is divided by p.
25
Let p(w) = -158*w + 1684. Calculate the remainder when p(-4) is divided by 145.
141
Suppose -28*t = j - 24*t - 7, 4*j = -4*t - 20. What is the remainder when (31/3)/(11*j/(-297)) is divided by 10?
1
Let u be (543/(-4))/((-59)/236). Suppose 7*t - u = 1403. What is the remainder when t is divided by 56?
54
Let t be ((-2)/(-4))/((-4)/(-64)). What is the remainder when (92/t)/((-2)/(-8)) is divided by (-30 + 0)*((-3255)/(-126))/(-31)?
21
Suppose -3*a - p = -86, -90 = -3*a - 0*a - 3*p. Let h = a + -26. Suppose -h*z - 144 = -5*z. What is the remainder when z is divided by 17?
14
Let u = -35 + 102. Suppose 5*w - 36 = -4*b, 4*w - 17 = -2*b + 1. What is the remainder when u is divided by b?
4
Let c(h) = 111 + 15*h**2 - 3*h**2 + 4*h - 124. Calculate the remainder when c(4) is divided by 52.
39
Suppose 0 = 42*n - 418 + 40. Calculate the remainder when 448 is divided by n.
7
Let f(m) = -9*m - 31. Let v be f(-4). Suppose -3*h - 20 = h, 2*h - 390 = -v*u. Let y = -26 - -48. What is the remainder when u is divided by y?
14
Let z = -15 - -16. Let s be ((-4)/(-8))/(z/(-6)) + -69. Let x = s - -74. What is the remainder when 5 is divided by x?
1
Let f = 26 + -22. Suppose -2*w = -f*o + 132 + 160, -3*w = 12. Suppose u + 2*j = 96, u + 3*j = 29 + o. Calculate the remainder when u is divided by 18.
16
Suppose -4*t - 766 = -5*r, -12*r + 16*r = 2*t + 620. Calculate the remainder when 402 is divided by r.
86
Calculate the remainder when 5 + (-26808)/(-90) + 8/60 is divided by 19.
18
Suppose -3*c - 4*j = -8*j - 60, 3*j = 3*c - 57. Calculate the remainder when 2750 is divided by c.
14
Let x(a) = 3*a**2 + 4*a + 1. Let p be x(-3). Suppose -4*n + p = 136. Calculate the remainder when (-18)/n + 1086/15 is divided by 19.
16
Let o = -744 - -1299. Let w = -549 + o. Calculate the remainder when 48 is divided by w.
0
Suppose 0 = 2*q - 2, 3*i - 26 - 56 = 2*q. Suppose -n + h + 809 = 0, 26*h = n + 24*h - 808. What is the remainder when n is divided by i?
26
Suppose -5*k = 2*l - 20 - 16, l = 2*k - 18. Suppose 3*d - k = -2*h + h, 3*h = -d. What is the remainder when 8 is divided by d?
2
What is the remainder when 2217 is divided by (-133)/28*-8 - (-8)/(-1)?
27
Suppose 0 = 3*z + 17*n - 12*n - 27, -4*z + 7 = -3*n. Let o = 0 - -2. Suppose z*q - 62 = o*q. What is the remainder when q is divided by 16?
15
Let s(k) = -k**3 + 17*k**2 - 49*k + 174. Calculate the remainder when s(13) is divided by 71.
0
Suppose -33*z - 130 = 2378. Let v = 227 - z. What is the remainder when v is divided by 34?
31
Suppose 0 = 3*f - 2*f - 8. Let l(x) = x**3 - 9*x**2 + 7*x + 34. Calculate the remainder when 181 is divided by l(f).
25
Let c(n) = n**2 - 13*n + 30. Let k be c(12). Suppose k*d - 1088 - 694 = 0. Calculate the remainder when d is divided by (-257)/(-5) - (-4)/(-10).
48
Let d = 4461 - 4445. Calculate the remainder when 1053 is divided by d.
13
Suppose 55*l - 607 - 587 = 1171. Let g(s) = -10*s + 1. Let b(i) = -i**2 + 7*i - 1. Let q be b(7). What is the remainder when l is divided by g(q)?
10
Let c(h) = -317 - 46*h - 321 + 576. Calculate the remainder when c(-3) is divided by 28.
20
Let c(x) = x**3 + x**2 - 7*x - 18. Let d be c(5). Suppose 0 = 4*w + 5*z - d, 0 = -w - 5*z - 0 + 28. What is the remainder when 88 is divided by w?
19
Let f(s) be the third derivative of -11*s**2 + 1/3*s**4 + 0*s + 0 + 7/6*s**3 + 1/20*s**5. What is the remainder when f(-4) is divided by 8?
7
Let y be ((-10)/12*8)/(4/(-12)). What is the remainder when 17 is divided by (y/6)/((-5)/(105/(-14)))?
2
Let v(t) = -t**2 - 14*t - 7. Let l(f) = 27*f - 7. Calculate the remainder when l(6) is divided by v(-11).
25
Let r(s) = -2*s - 3. Let b be r(-2). Suppose -63*l + 132 = -51*l. What is the remainder when 4*((-183)/(-12) + b) is divided by l?
10
Suppose 10*u - 635 = 265. What is the remainder when 142 is divided by u?
52
Let y = -449 + 540. Suppose -75*g = -y*g + 2384. Calculate the remainder when g is divided by 30.
29
Let a = -6 - -30. Let m = -135736 - -135861. Calculate the remainder when m is divided by a.
5
Suppose -4*v - v = -1075. Calculate the remainder when v is divided by 108/3 - (29 + -17).
23
Let u = -39426 + 39491. What is the remainder when u is divided by 9?
2
Suppose 3*n - 80 = 5*s, -3*s = n + n - 85. What is the remainder when 449 is divided by n?
29
What is the remainder when (3 + 1 - -361) + (1 - 5 - -6) is divided by 35?
17
Suppose 5*k = -3*k. What is the remainder when (60 - k)/(-28 + 30) is divided by 19?
11
Let i = 106 - 111. Let p be (-3 + 2)/((-1)/59). Let u = p + i. Calculate the remainder when u is divided by 7.
5
Let m be (-4)/(-8)*-4 + 9. Let d(k) = 6*k**2 - 39*k + 24. Calculate the remainder when 853 is divided by d(m).
43
Suppose -15795 = -202*j + 121*j. Calculate the remainder when j is divided by 8.
3
Suppose 2*p - 3*l = 270, 3*p - 405 = 185*l - 180*l. Calculate the remainder when 277 is divided by p.
7
Let p(d) = -d**2 - 7*d - 2. Let t be p(-6). Suppose 4*n - 5*i - 248 = 0, -t*i = -4*n - i + 256. Let v = n + -24. What is the remainder when v is divided by 9?
7
What is the remainder when 102 is divided by (-34 - -7)*(-4)/2?
48
Let u(r) = -r + 15. Let k be u(11). Suppose -4*m + 192 = c, 2*m - k*m + c + 102 = 0. Let z = m + -42. Calculate the remainder when 27 is divided by z.
6
Let t(j) = -301*j - 16. Let m(g) = 60*g + 3. Let c(r) 